{"id":237,"date":"2022-10-23T13:56:05","date_gmt":"2022-10-23T11:56:05","guid":{"rendered":"https:\/\/billed-bibel-samtale.dk\/?page_id=237"},"modified":"2023-02-22T08:46:48","modified_gmt":"2023-02-22T07:46:48","slug":"fotos-pinse","status":"publish","type":"page","link":"https:\/\/billed-bibel-samtale.dk\/?page_id=237","title":{"rendered":"Fotos &#8211; pinse"},"content":{"rendered":"\n<figure class=\"wp-block-image size-full\"><img loading=\"lazy\" decoding=\"async\" width=\"1024\" height=\"96\" src=\"https:\/\/billed-bibel-samtale.dk\/wp-content\/uploads\/2023\/02\/Pinse_Header.jpg\" alt=\"\" class=\"wp-image-1098\" srcset=\"https:\/\/billed-bibel-samtale.dk\/wp-content\/uploads\/2023\/02\/Pinse_Header.jpg 1024w, https:\/\/billed-bibel-samtale.dk\/wp-content\/uploads\/2023\/02\/Pinse_Header-300x28.jpg 300w, https:\/\/billed-bibel-samtale.dk\/wp-content\/uploads\/2023\/02\/Pinse_Header-768x72.jpg 768w\" sizes=\"auto, (max-width: 1024px) 100vw, 1024px\" \/><\/figure>\n\n\n\n<p style=\"font-size:24px\"><strong>Fotos til brug for B\u00f8rnetjenesten til pinse.<\/strong><\/p>\n\n\n\n<p>Til anvendelse ved hver af de seks fester\/h\u00f8jtider stiller vi nogle fotos til r\u00e5dighed som supplement til dem som kan hentes hos B\u00f8rnetjenesten. De kan downloades herunder.<br>Billederne kan frit og gratis anvendes indenfor kirkelige aktiviteter, og de er ment som en \u00e5bning til, at b\u00f8rnene f\u00e5r mulighed for at fundere over sp\u00f8rgsm\u00e5lene.<br><strong>Emner til refleksion:<\/strong><br>&#8211; Hvad er \u00e5nd?  Kender I nogle \u00e5nder?<br>&#8211; Hvad er Hellig\u00e5nden?<br>&#8211; N\u00e5r vi tr\u00e6kke vejret hedder det <strong>\u00e5nde<\/strong>dr\u00e6t. Hvorfor mon det?<br>&#8211; Inspiration. Hvor kommer id\u00e9er fra?<br>&#8211; Man kan ikke se en \u00e5nd. Er der andre ting, man ikke kan se?<\/p>\n\n\n\n<hr class=\"wp-block-separator has-text-color has-white-color has-alpha-channel-opacity has-white-background-color has-background is-style-wide\"\/>\n\n\n\n<div class=\"wp-block-media-text alignwide is-stacked-on-mobile\" style=\"grid-template-columns:70% auto\"><figure class=\"wp-block-media-text__media\"><img loading=\"lazy\" decoding=\"async\" width=\"1024\" height=\"675\" src=\"https:\/\/billed-bibel-samtale.dk\/wp-content\/uploads\/2022\/10\/Pinse_blaest_4-1024x675.jpg\" alt=\"Pinse bl\u00e6st\" class=\"wp-image-249 size-full\" srcset=\"https:\/\/billed-bibel-samtale.dk\/wp-content\/uploads\/2022\/10\/Pinse_blaest_4-1024x675.jpg 1024w, https:\/\/billed-bibel-samtale.dk\/wp-content\/uploads\/2022\/10\/Pinse_blaest_4-300x198.jpg 300w, https:\/\/billed-bibel-samtale.dk\/wp-content\/uploads\/2022\/10\/Pinse_blaest_4-768x506.jpg 768w, https:\/\/billed-bibel-samtale.dk\/wp-content\/uploads\/2022\/10\/Pinse_blaest_4-1536x1012.jpg 1536w, https:\/\/billed-bibel-samtale.dk\/wp-content\/uploads\/2022\/10\/Pinse_blaest_4-2048x1349.jpg 2048w\" sizes=\"auto, (max-width: 1024px) 100vw, 1024px\" \/><\/figure><div class=\"wp-block-media-text__content\">\n<p>Pinse &#8211; Bl\u00e6st<\/p>\n\n\n\n<div class=\"wp-block-file\"><a href=\"https:\/\/billed-bibel-samtale.dk\/wp-content\/uploads\/2022\/10\/Pinse_blaest_4-scaled.jpg\" class=\"wp-block-file__button wp-element-button\" download>Download<\/a><\/div>\n<\/div><\/div>\n\n\n\n<hr class=\"wp-block-separator has-text-color has-white-color has-alpha-channel-opacity has-white-background-color has-background\"\/>\n\n\n\n<div class=\"wp-block-media-text alignwide is-stacked-on-mobile\" style=\"grid-template-columns:70% auto\"><figure class=\"wp-block-media-text__media\"><img loading=\"lazy\" decoding=\"async\" width=\"1024\" height=\"613\" src=\"https:\/\/billed-bibel-samtale.dk\/wp-content\/uploads\/2022\/10\/Pinse_blaest_2-1024x613.jpg\" alt=\"\" class=\"wp-image-247 size-full\" srcset=\"https:\/\/billed-bibel-samtale.dk\/wp-content\/uploads\/2022\/10\/Pinse_blaest_2-1024x613.jpg 1024w, https:\/\/billed-bibel-samtale.dk\/wp-content\/uploads\/2022\/10\/Pinse_blaest_2-300x180.jpg 300w, https:\/\/billed-bibel-samtale.dk\/wp-content\/uploads\/2022\/10\/Pinse_blaest_2-768x460.jpg 768w, https:\/\/billed-bibel-samtale.dk\/wp-content\/uploads\/2022\/10\/Pinse_blaest_2-1536x920.jpg 1536w, https:\/\/billed-bibel-samtale.dk\/wp-content\/uploads\/2022\/10\/Pinse_blaest_2-2048x1227.jpg 2048w\" sizes=\"auto, (max-width: 1024px) 100vw, 1024px\" \/><\/figure><div class=\"wp-block-media-text__content\">\n<p><\/p>\n\n\n\n<p>Pinse &#8211; Bl\u00e6st<\/p>\n\n\n\n<div class=\"wp-block-file\"><a href=\"https:\/\/billed-bibel-samtale.dk\/wp-content\/uploads\/2022\/10\/Pinse_blaest_2-scaled.jpg\" class=\"wp-block-file__button wp-element-button\" download>Download<\/a><\/div>\n<\/div><\/div>\n\n\n\n<hr class=\"wp-block-separator has-text-color has-white-color has-alpha-channel-opacity has-white-background-color has-background\"\/>\n\n\n\n<div class=\"wp-block-media-text alignwide is-stacked-on-mobile\" style=\"grid-template-columns:70% auto\"><figure class=\"wp-block-media-text__media\"><img loading=\"lazy\" decoding=\"async\" width=\"681\" height=\"1024\" src=\"https:\/\/billed-bibel-samtale.dk\/wp-content\/uploads\/2022\/10\/Pinse_baal_1-681x1024.jpg\" alt=\"\" class=\"wp-image-240 size-full\" srcset=\"https:\/\/billed-bibel-samtale.dk\/wp-content\/uploads\/2022\/10\/Pinse_baal_1-681x1024.jpg 681w, https:\/\/billed-bibel-samtale.dk\/wp-content\/uploads\/2022\/10\/Pinse_baal_1-200x300.jpg 200w, https:\/\/billed-bibel-samtale.dk\/wp-content\/uploads\/2022\/10\/Pinse_baal_1-768x1155.jpg 768w, https:\/\/billed-bibel-samtale.dk\/wp-content\/uploads\/2022\/10\/Pinse_baal_1-1022x1536.jpg 1022w, https:\/\/billed-bibel-samtale.dk\/wp-content\/uploads\/2022\/10\/Pinse_baal_1-1362x2048.jpg 1362w, https:\/\/billed-bibel-samtale.dk\/wp-content\/uploads\/2022\/10\/Pinse_baal_1-scaled.jpg 1703w\" sizes=\"auto, (max-width: 681px) 100vw, 681px\" \/><\/figure><div class=\"wp-block-media-text__content\">\n<p>Pinse &#8211; Flammer<\/p>\n\n\n\n<div class=\"wp-block-file\"><a href=\"https:\/\/billed-bibel-samtale.dk\/wp-content\/uploads\/2022\/10\/Pinse_baal_1-scaled.jpg\" class=\"wp-block-file__button wp-element-button\" download>Download<\/a><\/div>\n<\/div><\/div>\n\n\n\n<hr class=\"wp-block-separator has-text-color has-white-color has-alpha-channel-opacity has-white-background-color has-background\"\/>\n\n\n\n<div class=\"wp-block-media-text alignwide is-stacked-on-mobile\" style=\"grid-template-columns:70% auto\"><figure class=\"wp-block-media-text__media\"><img loading=\"lazy\" decoding=\"async\" width=\"1024\" height=\"681\" src=\"https:\/\/billed-bibel-samtale.dk\/wp-content\/uploads\/2022\/10\/Pinse_baal_2-1024x681.jpg\" alt=\"\" class=\"wp-image-241 size-full\" srcset=\"https:\/\/billed-bibel-samtale.dk\/wp-content\/uploads\/2022\/10\/Pinse_baal_2-1024x681.jpg 1024w, https:\/\/billed-bibel-samtale.dk\/wp-content\/uploads\/2022\/10\/Pinse_baal_2-300x199.jpg 300w, https:\/\/billed-bibel-samtale.dk\/wp-content\/uploads\/2022\/10\/Pinse_baal_2-768x511.jpg 768w, https:\/\/billed-bibel-samtale.dk\/wp-content\/uploads\/2022\/10\/Pinse_baal_2-1536x1021.jpg 1536w, https:\/\/billed-bibel-samtale.dk\/wp-content\/uploads\/2022\/10\/Pinse_baal_2-2048x1362.jpg 2048w\" sizes=\"auto, (max-width: 1024px) 100vw, 1024px\" \/><\/figure><div class=\"wp-block-media-text__content\">\n<p>Pinse &#8211; Flammer<\/p>\n\n\n\n<div class=\"wp-block-file\"><a href=\"https:\/\/billed-bibel-samtale.dk\/wp-content\/uploads\/2022\/10\/Pinse_baal_2-scaled.jpg\" class=\"wp-block-file__button wp-element-button\" download>Download<\/a><\/div>\n<\/div><\/div>\n\n\n\n<hr class=\"wp-block-separator has-text-color has-white-color has-alpha-channel-opacity has-white-background-color has-background\"\/>\n\n\n\n<div class=\"wp-block-media-text alignwide is-stacked-on-mobile\" style=\"grid-template-columns:70% auto\"><figure class=\"wp-block-media-text__media\"><img loading=\"lazy\" decoding=\"async\" width=\"1024\" height=\"681\" src=\"https:\/\/billed-bibel-samtale.dk\/wp-content\/uploads\/2022\/10\/Pinse_kirke_1-1024x681.jpg\" alt=\"\" class=\"wp-image-243 size-full\" srcset=\"https:\/\/billed-bibel-samtale.dk\/wp-content\/uploads\/2022\/10\/Pinse_kirke_1-1024x681.jpg 1024w, https:\/\/billed-bibel-samtale.dk\/wp-content\/uploads\/2022\/10\/Pinse_kirke_1-300x199.jpg 300w, https:\/\/billed-bibel-samtale.dk\/wp-content\/uploads\/2022\/10\/Pinse_kirke_1-768x511.jpg 768w, https:\/\/billed-bibel-samtale.dk\/wp-content\/uploads\/2022\/10\/Pinse_kirke_1-1536x1021.jpg 1536w, https:\/\/billed-bibel-samtale.dk\/wp-content\/uploads\/2022\/10\/Pinse_kirke_1-2048x1361.jpg 2048w\" sizes=\"auto, (max-width: 1024px) 100vw, 1024px\" \/><\/figure><div class=\"wp-block-media-text__content\">\n<p>Pinse &#8211; Kirke<\/p>\n\n\n\n<div class=\"wp-block-file\"><a href=\"https:\/\/billed-bibel-samtale.dk\/wp-content\/uploads\/2022\/10\/Pinse_kirke_1-scaled.jpg\" class=\"wp-block-file__button wp-element-button\" download>Download<\/a><\/div>\n<\/div><\/div>\n\n\n\n<hr class=\"wp-block-separator has-text-color has-white-color has-alpha-channel-opacity has-white-background-color has-background\"\/>\n\n\n\n<div class=\"wp-block-media-text alignwide is-stacked-on-mobile\" style=\"grid-template-columns:70% auto\"><figure class=\"wp-block-media-text__media\"><img loading=\"lazy\" decoding=\"async\" width=\"680\" height=\"1024\" src=\"https:\/\/billed-bibel-samtale.dk\/wp-content\/uploads\/2022\/10\/Pinse_kirke_2-680x1024.jpg\" alt=\"\" class=\"wp-image-244 size-full\" srcset=\"https:\/\/billed-bibel-samtale.dk\/wp-content\/uploads\/2022\/10\/Pinse_kirke_2-680x1024.jpg 680w, https:\/\/billed-bibel-samtale.dk\/wp-content\/uploads\/2022\/10\/Pinse_kirke_2-199x300.jpg 199w, https:\/\/billed-bibel-samtale.dk\/wp-content\/uploads\/2022\/10\/Pinse_kirke_2-768x1156.jpg 768w, https:\/\/billed-bibel-samtale.dk\/wp-content\/uploads\/2022\/10\/Pinse_kirke_2-1020x1536.jpg 1020w, https:\/\/billed-bibel-samtale.dk\/wp-content\/uploads\/2022\/10\/Pinse_kirke_2-1360x2048.jpg 1360w, https:\/\/billed-bibel-samtale.dk\/wp-content\/uploads\/2022\/10\/Pinse_kirke_2-scaled.jpg 1700w\" sizes=\"auto, (max-width: 680px) 100vw, 680px\" \/><\/figure><div class=\"wp-block-media-text__content\">\n<p>Pinse &#8211; Kirke<\/p>\n\n\n\n<div class=\"wp-block-file\"><a href=\"https:\/\/billed-bibel-samtale.dk\/wp-content\/uploads\/2022\/10\/Pinse_kirke_2-scaled.jpg\" class=\"wp-block-file__button wp-element-button\" download>Download<\/a><\/div>\n<\/div><\/div>\n\n\n\n<hr class=\"wp-block-separator has-text-color has-white-color has-alpha-channel-opacity has-white-background-color has-background\"\/>\n\n\n\n<div class=\"wp-block-media-text alignwide is-stacked-on-mobile\" style=\"grid-template-columns:70% auto\"><figure class=\"wp-block-media-text__media\"><img loading=\"lazy\" decoding=\"async\" width=\"1024\" height=\"768\" src=\"https:\/\/billed-bibel-samtale.dk\/wp-content\/uploads\/2022\/10\/Pinse_foedselsdag-1024x768.jpg\" alt=\"\" class=\"wp-image-242 size-full\" srcset=\"https:\/\/billed-bibel-samtale.dk\/wp-content\/uploads\/2022\/10\/Pinse_foedselsdag-1024x768.jpg 1024w, https:\/\/billed-bibel-samtale.dk\/wp-content\/uploads\/2022\/10\/Pinse_foedselsdag-300x225.jpg 300w, https:\/\/billed-bibel-samtale.dk\/wp-content\/uploads\/2022\/10\/Pinse_foedselsdag-768x576.jpg 768w, https:\/\/billed-bibel-samtale.dk\/wp-content\/uploads\/2022\/10\/Pinse_foedselsdag-1536x1152.jpg 1536w, https:\/\/billed-bibel-samtale.dk\/wp-content\/uploads\/2022\/10\/Pinse_foedselsdag-2048x1536.jpg 2048w, https:\/\/billed-bibel-samtale.dk\/wp-content\/uploads\/2022\/10\/Pinse_foedselsdag-508x381.jpg 508w\" sizes=\"auto, (max-width: 1024px) 100vw, 1024px\" \/><\/figure><div class=\"wp-block-media-text__content\">\n<p>Pinse &#8211; F\u00f8dselsdag<\/p>\n\n\n\n<div class=\"wp-block-file\"><a href=\"https:\/\/billed-bibel-samtale.dk\/wp-content\/uploads\/2022\/10\/Pinse_foedselsdag-scaled.jpg\" class=\"wp-block-file__button wp-element-button\" download>Download<\/a><\/div>\n<\/div><\/div>\n\n\n\n<hr class=\"wp-block-separator has-text-color has-white-color has-alpha-channel-opacity has-white-background-color has-background\"\/>\n\n\n\n<div class=\"wp-block-media-text alignwide is-stacked-on-mobile\" style=\"grid-template-columns:70% auto\"><figure class=\"wp-block-media-text__media\"><img loading=\"lazy\" decoding=\"async\" width=\"1024\" height=\"576\" src=\"https:\/\/billed-bibel-samtale.dk\/wp-content\/uploads\/2022\/10\/Pinse_sommerfugl-1024x576.jpg\" alt=\"\" class=\"wp-image-245 size-full\" srcset=\"https:\/\/billed-bibel-samtale.dk\/wp-content\/uploads\/2022\/10\/Pinse_sommerfugl-1024x576.jpg 1024w, https:\/\/billed-bibel-samtale.dk\/wp-content\/uploads\/2022\/10\/Pinse_sommerfugl-300x169.jpg 300w, https:\/\/billed-bibel-samtale.dk\/wp-content\/uploads\/2022\/10\/Pinse_sommerfugl-768x432.jpg 768w, https:\/\/billed-bibel-samtale.dk\/wp-content\/uploads\/2022\/10\/Pinse_sommerfugl-1536x864.jpg 1536w, https:\/\/billed-bibel-samtale.dk\/wp-content\/uploads\/2022\/10\/Pinse_sommerfugl-2048x1152.jpg 2048w, https:\/\/billed-bibel-samtale.dk\/wp-content\/uploads\/2022\/10\/Pinse_sommerfugl-1920x1080.jpg 1920w\" sizes=\"auto, (max-width: 1024px) 100vw, 1024px\" \/><\/figure><div class=\"wp-block-media-text__content\">\n<p>Pinse &#8211; Sommerfugl<\/p>\n\n\n\n<div class=\"wp-block-file\"><a href=\"https:\/\/billed-bibel-samtale.dk\/wp-content\/uploads\/2022\/10\/Pinse_sommerfugl-scaled.jpg\" class=\"wp-block-file__button wp-element-button\" download>Download<\/a><\/div>\n<\/div><\/div>\n\n\n\n<hr class=\"wp-block-separator has-text-color has-white-color has-alpha-channel-opacity has-white-background-color has-background\"\/>\n\n\n\n<hr class=\"wp-block-separator has-alpha-channel-opacity is-style-wide\"\/>\n\n\n\n<div class=\"wp-block-media-text alignwide\" style=\"grid-template-columns:15% auto\"><figure class=\"wp-block-media-text__media\"><img loading=\"lazy\" decoding=\"async\" width=\"250\" height=\"107\" src=\"https:\/\/billed-bibel-samtale.dk\/wp-content\/uploads\/2023\/01\/logo-250.jpg\" alt=\"\" class=\"wp-image-915 size-full\"\/><\/figure><div class=\"wp-block-media-text__content\">\n<p>Links til forskellige sider:<br><a href=\"https:\/\/billed-bibel-samtale.dk\/\">Forside<\/a> \/ <a href=\"https:\/\/billed-bibel-samtale.dk\/?page_id=62\">Jul<\/a> &#8211; <a href=\"https:\/\/billed-bibel-samtale.dk\/?page_id=9\">P\u00e5ske<\/a> &#8211; <a href=\"https:\/\/billed-bibel-samtale.dk\/?page_id=30\">Pinse<\/a> &#8211; <a href=\"https:\/\/billed-bibel-samtale.dk\/?page_id=119\">D\u00e5b<\/a> &#8211; <a href=\"https:\/\/billed-bibel-samtale.dk\/?page_id=856\">Fadervor<\/a> \/ <a href=\"https:\/\/billed-bibel-samtale.dk\/?page_id=408\">Salmer og sange<\/a> &#8211; <a href=\"https:\/\/billed-bibel-samtale.dk\/?page_id=529\">Noder<\/a> &#8211; <a href=\"https:\/\/billed-bibel-samtale.dk\/?page_id=489\">Tekster<\/a> &#8211; <a href=\"https:\/\/billed-bibel-samtale.dk\/?page_id=657\">Tegninger<\/a> &#8211; <a href=\"https:\/\/billed-bibel-samtale.dk\/?page_id=320\">Fotos<\/a> \/ <a href=\"https:\/\/billed-bibel-samtale.dk\/?page_id=807\">Nyttige Links<\/a> &#8211; <a href=\"https:\/\/billed-bibel-samtale.dk\/?page_id=153\">Erfaringer<\/a> &#8211; <a href=\"https:\/\/billed-bibel-samtale.dk\/?page_id=128\">Om billed-bibel-samtale\u2026<\/a> &#8211; <a href=\"https:\/\/billed-bibel-samtale.dk\/?page_id=56\">Kontakt os<\/a><\/p>\n<\/div><\/div>\n","protected":false},"excerpt":{"rendered":"<p>Fotos til brug for B\u00f8rnetjenesten til pinse. Til anvendelse ved hver af de seks fester\/h\u00f8jtider stiller vi nogle fotos til<\/p>\n<p><a href=\"https:\/\/billed-bibel-samtale.dk\/?page_id=237\" class=\"more-link\">Continue reading<span class=\"screen-reader-text\">Fotos &#8211; pinse<\/span><\/a><\/p>\n","protected":false},"author":1,"featured_media":0,"parent":0,"menu_order":0,"comment_status":"closed","ping_status":"closed","template":"templates\/full-width-page.php","meta":{"footnotes":""},"class_list":["post-237","page","type-page","status-publish","hentry"],"_links":{"self":[{"href":"https:\/\/billed-bibel-samtale.dk\/index.php?rest_route=\/wp\/v2\/pages\/237","targetHints":{"allow":["GET"]}}],"collection":[{"href":"https:\/\/billed-bibel-samtale.dk\/index.php?rest_route=\/wp\/v2\/pages"}],"about":[{"href":"https:\/\/billed-bibel-samtale.dk\/index.php?rest_route=\/wp\/v2\/types\/page"}],"author":[{"embeddable":true,"href":"https:\/\/billed-bibel-samtale.dk\/index.php?rest_route=\/wp\/v2\/users\/1"}],"replies":[{"embeddable":true,"href":"https:\/\/billed-bibel-samtale.dk\/index.php?rest_route=%2Fwp%2Fv2%2Fcomments&post=237"}],"version-history":[{"count":20,"href":"https:\/\/billed-bibel-samtale.dk\/index.php?rest_route=\/wp\/v2\/pages\/237\/revisions"}],"predecessor-version":[{"id":1107,"href":"https:\/\/billed-bibel-samtale.dk\/index.php?rest_route=\/wp\/v2\/pages\/237\/revisions\/1107"}],"wp:attachment":[{"href":"https:\/\/billed-bibel-samtale.dk\/index.php?rest_route=%2Fwp%2Fv2%2Fmedia&parent=237"}],"curies":[{"name":"wp","href":"https:\/\/api.w.org\/{rel}","templated":true}]}}