{"id":128,"date":"2022-08-22T19:40:25","date_gmt":"2022-08-22T17:40:25","guid":{"rendered":"https:\/\/billed-bibel-samtale.dk\/?page_id=128"},"modified":"2026-04-15T16:06:38","modified_gmt":"2026-04-15T14:06:38","slug":"om-os","status":"publish","type":"page","link":"https:\/\/billed-bibel-samtale.dk\/?page_id=128","title":{"rendered":"Om billed-bibel-samtale&#8230;"},"content":{"rendered":"\n<figure class=\"wp-block-image size-large\"><img loading=\"lazy\" decoding=\"async\" width=\"1024\" height=\"559\" src=\"https:\/\/billed-bibel-samtale.dk\/wp-content\/uploads\/2023\/02\/Header_IMG_2056-1024x559.jpg\" alt=\"\" class=\"wp-image-1088\" srcset=\"https:\/\/billed-bibel-samtale.dk\/wp-content\/uploads\/2023\/02\/Header_IMG_2056-1024x559.jpg 1024w, https:\/\/billed-bibel-samtale.dk\/wp-content\/uploads\/2023\/02\/Header_IMG_2056-300x164.jpg 300w, https:\/\/billed-bibel-samtale.dk\/wp-content\/uploads\/2023\/02\/Header_IMG_2056-768x419.jpg 768w, https:\/\/billed-bibel-samtale.dk\/wp-content\/uploads\/2023\/02\/Header_IMG_2056-1536x838.jpg 1536w, https:\/\/billed-bibel-samtale.dk\/wp-content\/uploads\/2023\/02\/Header_IMG_2056-2048x1117.jpg 2048w\" sizes=\"auto, (max-width: 1024px) 100vw, 1024px\" \/><\/figure>\n\n\n\n<p style=\"font-size:24px\"><strong>Levering:<\/strong><\/p>\n\n\n\n<p><strong>Materialet<\/strong> indeholder roll-up bannere vedr\u00f8rende jul, p\u00e5ske, pinse og d\u00e5b med tilh\u00f8rende:<\/p>\n\n\n\n<ul class=\"wp-block-list\">\n<li>ideer til anvendelse i kirkens forskellige aktiviteter.<\/li>\n\n\n\n<li>sort\/hvide tegninger og opgaver med udgangspunkt i roll-up bannernes illustrationer.<img loading=\"lazy\" decoding=\"async\" width=\"400\" height=\"99\" class=\"wp-image-108\" style=\"width: 400px;\" src=\"https:\/\/billed-bibel-samtale.dk\/wp-content\/uploads\/2022\/08\/Overview_Banner_Tegning.jpg\" alt=\"\" srcset=\"https:\/\/billed-bibel-samtale.dk\/wp-content\/uploads\/2022\/08\/Overview_Banner_Tegning.jpg 1024w, https:\/\/billed-bibel-samtale.dk\/wp-content\/uploads\/2022\/08\/Overview_Banner_Tegning-300x74.jpg 300w, https:\/\/billed-bibel-samtale.dk\/wp-content\/uploads\/2022\/08\/Overview_Banner_Tegning-768x191.jpg 768w\" sizes=\"auto, (max-width: 400px) 100vw, 400px\" \/><\/li>\n\n\n\n<li>fotos der kan anvendes i tilknytning til festerne i b\u00f8rnetjenestens materiale.<\/li>\n\n\n\n<li>salmeforslag til forskellige aldersgrupper fra salmebogen og salmer.dk samt udvalgte salmer med tilh\u00f8rende noder udarbejdet af Mogens Jensen.<\/li>\n\n\n\n<li>relevante bibelhenvisninger.<\/li>\n<\/ul>\n\n\n\n<p>Sort\/hvide tegninger og opgaver leveres p\u00e5 USB-stik sammen med det enkelte banner.<br>Det \u00f8vrige materiale han frit downloades her fra hjemmesiden.<\/p>\n\n\n\n<hr class=\"wp-block-separator has-alpha-channel-opacity\"\/>\n\n\n\n<p style=\"font-size:24px\"><strong>Priser<\/strong>:<\/p>\n\n\n\n<p>Alle materialer p\u00e5 denne hjemmeside, der kan downloades, er gratis, ogs\u00e5 selv om du ikke k\u00f8ber noget.<br>Vi s\u00e6lger vore roll-up bannere enkeltvis og ved samtidig bestilling af flere bannere er der rabat. Vi leverer i hele Danmark. Leveringstiden er normalt 7-14 dage. Kontakt os gerne for at f\u00e5 dagsprisen.<br>Vi skal ikke have et overskud p\u00e5 dette projekt, men prisen skal d\u00e6kke produktion, transport, kontorhold og mulighed for videre id\u00e9udvikling.<br>Sort\/hvide tegninger og opgaver leveres p\u00e5 USB-stik sammen med det enkelte banner.<br>Det \u00f8vrige materiale han frit downloades her fra hjemmesiden.<\/p>\n\n\n\n<hr class=\"wp-block-separator has-alpha-channel-opacity\"\/>\n\n\n\n<p style=\"font-size:24px\"><strong>Roll-up banner:<\/strong><\/p>\n\n\n\n<p>Banneret er af typen &#8220;Roll-Up&#8221; og kan derfor st\u00e5 af sig selv. N\u00e5r banneret er opstillet er det 85 cm bredt og 200 cm h\u00f8jt. Pakket i taske fylder det 10x10x90 cm. Motivet er trykt p\u00e5 500 g\/m<sup>2<\/sup> PVC. Banneret vejer omkring 3 kg, leveres med taske og kan bruges igen og igen.<\/p>\n\n\n\n<figure class=\"wp-block-gallery has-nested-images columns-default is-cropped wp-block-gallery-1 is-layout-flex wp-block-gallery-is-layout-flex\">\n<figure class=\"wp-block-image size-large\"><img loading=\"lazy\" decoding=\"async\" width=\"1024\" height=\"994\" data-id=\"231\" src=\"https:\/\/billed-bibel-samtale.dk\/wp-content\/uploads\/2022\/09\/D71_3554_DxO_3-1024x994.jpg\" alt=\"\" class=\"wp-image-231\" srcset=\"https:\/\/billed-bibel-samtale.dk\/wp-content\/uploads\/2022\/09\/D71_3554_DxO_3-1024x994.jpg 1024w, https:\/\/billed-bibel-samtale.dk\/wp-content\/uploads\/2022\/09\/D71_3554_DxO_3-300x291.jpg 300w, https:\/\/billed-bibel-samtale.dk\/wp-content\/uploads\/2022\/09\/D71_3554_DxO_3-768x746.jpg 768w, https:\/\/billed-bibel-samtale.dk\/wp-content\/uploads\/2022\/09\/D71_3554_DxO_3-1536x1491.jpg 1536w, https:\/\/billed-bibel-samtale.dk\/wp-content\/uploads\/2022\/09\/D71_3554_DxO_3-2048x1988.jpg 2048w\" sizes=\"auto, (max-width: 1024px) 100vw, 1024px\" \/><figcaption class=\"wp-element-caption\">Leveres med taske.<\/figcaption><\/figure>\n\n\n\n<figure class=\"wp-block-image size-large\"><img loading=\"lazy\" decoding=\"async\" width=\"935\" height=\"1024\" data-id=\"176\" src=\"https:\/\/billed-bibel-samtale.dk\/wp-content\/uploads\/2022\/08\/Jul-Daab-i-brug-935x1024.jpg\" alt=\"Bannerne kan st\u00e5 selv.\" class=\"wp-image-176\" srcset=\"https:\/\/billed-bibel-samtale.dk\/wp-content\/uploads\/2022\/08\/Jul-Daab-i-brug-935x1024.jpg 935w, https:\/\/billed-bibel-samtale.dk\/wp-content\/uploads\/2022\/08\/Jul-Daab-i-brug-274x300.jpg 274w, https:\/\/billed-bibel-samtale.dk\/wp-content\/uploads\/2022\/08\/Jul-Daab-i-brug-768x842.jpg 768w, https:\/\/billed-bibel-samtale.dk\/wp-content\/uploads\/2022\/08\/Jul-Daab-i-brug.jpg 1024w\" sizes=\"auto, (max-width: 935px) 100vw, 935px\" \/><figcaption class=\"wp-element-caption\">Bannerne kan st\u00e5 selv.<\/figcaption><\/figure>\n<\/figure>\n\n\n\n<hr class=\"wp-block-separator has-alpha-channel-opacity\"\/>\n\n\n\n<p style=\"font-size:24px\"><strong>Hvem st\u00e5r bag:<\/strong><\/p>\n\n\n\n<p>Personerne bag dette initiativ har fundet sammen med et \u00f8nske om at s\u00e6tte lidt ekstra farve p\u00e5 og facilitere fort\u00e6llingerne fra bibelen, prim\u00e6rt overfor b\u00f8rn og unge. Vi vil fortsat udvikle materialer og id\u00e9er, i det omfang behovet opst\u00e5r i vore lokale kirker.<br><br>Hakon Lund Jensen, tegner og grafiker<br>Mona Laustsen, underviser<br>Henrik Laustsen, fotos, webmaster<\/p>\n\n\n\n<p>Vi vil her bringe en stor tak til organist og komponist Martin Lysholm Hornstrup, Gellerup Kirke (medlem af &#8220;Forum for b\u00f8rnesalmer&#8221;) for salmeforslag til b\u00f8rn samt til organist og komponist Mogens Jensen for salmeforslag og noder.<\/p>\n\n\n\n<hr class=\"wp-block-separator has-alpha-channel-opacity is-style-wide\"\/>\n\n\n\n<div class=\"wp-block-media-text alignwide\" style=\"grid-template-columns:15% auto\"><figure class=\"wp-block-media-text__media\"><img loading=\"lazy\" decoding=\"async\" width=\"250\" height=\"107\" src=\"https:\/\/billed-bibel-samtale.dk\/wp-content\/uploads\/2023\/01\/logo-250.jpg\" alt=\"\" class=\"wp-image-915 size-full\"\/><\/figure><div class=\"wp-block-media-text__content\">\n<p>Links til forskellige sider:<br><a href=\"https:\/\/billed-bibel-samtale.dk\/\">Forside<\/a> \/ <a href=\"https:\/\/billed-bibel-samtale.dk\/?page_id=62\">Jul<\/a> &#8211; <a href=\"https:\/\/billed-bibel-samtale.dk\/?page_id=9\">P\u00e5ske<\/a> &#8211; <a href=\"https:\/\/billed-bibel-samtale.dk\/?page_id=30\">Pinse<\/a> &#8211; <a href=\"https:\/\/billed-bibel-samtale.dk\/?page_id=119\">D\u00e5b<\/a> &#8211; <a href=\"https:\/\/billed-bibel-samtale.dk\/?page_id=856\">Fadervor<\/a> \/ <a href=\"https:\/\/billed-bibel-samtale.dk\/?page_id=408\">Salmer og sange<\/a> &#8211; <a href=\"https:\/\/billed-bibel-samtale.dk\/?page_id=529\">Noder<\/a> &#8211; <a href=\"https:\/\/billed-bibel-samtale.dk\/?page_id=489\">Tekster<\/a> &#8211; <a href=\"https:\/\/billed-bibel-samtale.dk\/?page_id=657\">Tegninger<\/a> &#8211; <a href=\"https:\/\/billed-bibel-samtale.dk\/?page_id=320\">Fotos<\/a> \/ <a href=\"https:\/\/billed-bibel-samtale.dk\/?page_id=807\">Nyttige Links<\/a> &#8211; <a href=\"https:\/\/billed-bibel-samtale.dk\/?page_id=153\">Erfaringer<\/a> &#8211; <a href=\"https:\/\/billed-bibel-samtale.dk\/?page_id=128\">Om billed-bibel-samtale\u2026<\/a> &#8211; <a href=\"https:\/\/billed-bibel-samtale.dk\/?page_id=56\">Kontakt os<\/a><\/p>\n<\/div><\/div>\n","protected":false},"excerpt":{"rendered":"<p>Levering: Materialet indeholder roll-up bannere vedr\u00f8rende jul, p\u00e5ske, pinse og d\u00e5b med tilh\u00f8rende: Sort\/hvide tegninger og opgaver leveres p\u00e5 USB-stik<\/p>\n<p><a href=\"https:\/\/billed-bibel-samtale.dk\/?page_id=128\" class=\"more-link\">Continue reading<span class=\"screen-reader-text\">Om billed-bibel-samtale&#8230;<\/span><\/a><\/p>\n","protected":false},"author":1,"featured_media":0,"parent":0,"menu_order":20,"comment_status":"closed","ping_status":"closed","template":"templates\/full-width-page.php","meta":{"footnotes":""},"class_list":["post-128","page","type-page","status-publish","hentry"],"_links":{"self":[{"href":"https:\/\/billed-bibel-samtale.dk\/index.php?rest_route=\/wp\/v2\/pages\/128","targetHints":{"allow":["GET"]}}],"collection":[{"href":"https:\/\/billed-bibel-samtale.dk\/index.php?rest_route=\/wp\/v2\/pages"}],"about":[{"href":"https:\/\/billed-bibel-samtale.dk\/index.php?rest_route=\/wp\/v2\/types\/page"}],"author":[{"embeddable":true,"href":"https:\/\/billed-bibel-samtale.dk\/index.php?rest_route=\/wp\/v2\/users\/1"}],"replies":[{"embeddable":true,"href":"https:\/\/billed-bibel-samtale.dk\/index.php?rest_route=%2Fwp%2Fv2%2Fcomments&post=128"}],"version-history":[{"count":33,"href":"https:\/\/billed-bibel-samtale.dk\/index.php?rest_route=\/wp\/v2\/pages\/128\/revisions"}],"predecessor-version":[{"id":1311,"href":"https:\/\/billed-bibel-samtale.dk\/index.php?rest_route=\/wp\/v2\/pages\/128\/revisions\/1311"}],"wp:attachment":[{"href":"https:\/\/billed-bibel-samtale.dk\/index.php?rest_route=%2Fwp%2Fv2%2Fmedia&parent=128"}],"curies":[{"name":"wp","href":"https:\/\/api.w.org\/{rel}","templated":true}]}}